2)). Let h = 320 - a. Is h composite?
True
Let j = -1506 + 4282. Suppose j = -4*y + 12*y. Is y a prime number?
True
Suppose 2*t - 3*k = 11324 + 5330, 4*t - k - 33308 = 0. Is t composite?
True
Let l be (-3)/6 + (-55)/(-10). Suppose -3*c + 3 + 2 = g, -3*g - l = -c. Suppose -3*d + 4*a + 495 = a, -c*d - 2*a = -322. Is d a composite number?
False
Let t be 14 - (-5 + 7 + 1). Suppose 0 = -t*z + 3664 + 5158. Is z a prime number?
False
Let d(l) = -123*l - 90. Is d(-7) prime?
False
Let c = 3737 - -49854. Is c composite?
False
Let p = 64 + 54. Let h = p + -23. Is h a composite number?
True
Suppose -2*a + 0*a + 4046 = 5*z, -5*a - 3*z = -10134. Is (-1)/(a/508 - 4) composite?
False
Let z(h) be the third derivative of h**6/120 - h**5/10 + h**4/8 + 3*h**3/2 - 8*h**2. Let i be 2/2*9 + -2. Is z(i) prime?
True
Let t(x) = x**3 + 8*x**2 - 10*x - 13. Let b be t(-9). Is (581/b)/(-7)*4*1 a prime number?
True
Suppose 37*b = 43*b - 11442. Is b a composite number?
False
Let j = -49 + 29. Is (-48696)/j - 3/(-15) composite?
True
Let n be (-17)/(-5) + 3/((-75)/10). Is (n + -1)/((-56)/(-56924)) composite?
True
Suppose 0 = -d + 43 - 4. Let n = d + -71. Let u = 91 + n. Is u a prime number?
True
Let m(z) = -17*z**3 - 2*z - 1. Let t be (6/(-24) - 3/4)*2. Is m(t) a prime number?
True
Let o(w) = -w - 6. Let x be o(-6). Suppose 0*a + 5*a - 7390 = x. Suppose -2*i = -4*i + a. Is i a composite number?
False
Suppose -9*p + 10*p = 178. Let g(c) = -5 + p*c - 197*c - 9. Is g(-13) prime?
True
Suppose -4*r = -11 + 39. Is (r + 5)/((-2)/203) composite?
True
Let b = -73 + 140. Let j = b + -47. Is 62/(-4*(-2)/j) composite?
True
Suppose -31*q + 3246 = 952. Is q composite?
True
Suppose 18872 = 7*z - 14*z. Let f = -1579 - z. Is f composite?
False
Let u(y) = y**2 - 2*y - 13. Let p be u(6). Suppose 6*t - p*t = -6135. Is t prime?
False
Is -2 + 4 + -7 + 1046 prime?
False
Let b be 72/20 - 8/(-20). Let y be -334 + 9/(-1 + b). Let h = 342 - y. Is h composite?
False
Suppose -6*m = -26163 - 16503. Is m a composite number?
True
Let t = -122 - -109. Let y(h) be the first derivative of h**3/3 + 5*h**2 - 8*h + 1. Is y(t) prime?
True
Let u = 1112 - 639. Is u a prime number?
False
Let k(d) = 9*d - 6 + 6*d + d - d. Is k(5) a composite number?
True
Let b(v) = 1357*v**2. Let a be b(-1). Let l = a + 439. Suppose -q = 3*q - l. Is q prime?
True
Suppose 5*i = 3*o - 21, -o + 3*i + 10 + 1 = 0. Let a be (-550)/(-15)*3/o. Suppose 11*u - a = 10*u. Is u prime?
False
Suppose -112 = 2*l - 6*l. Suppose -2*m - 2*m + l = 0. Suppose -3*y + m*y - 508 = 0. Is y prime?
True
Let r = -8392 - -13562. Let j be 6/(-27) + r/18. Suppose -5*d + 4*u = -j, 4*d - 4*u = -2*u + 232. Is d prime?
True
Suppose -2 = -2*c + 2. Suppose -5*h + c*s - 65 = 0, 2*h = -2*s + s - 35. Is (-388)/(-3)*h/(-10) prime?
False
Let d be ((-296)/3)/((-18)/2592). Is d/112 + 2/14 prime?
True
Suppose -8*v = -9*v - 2*v. Suppose 22 = -a + 4*r + 395, v = -2*a + 2*r + 746. Is a composite?
False
Is (-2)/1 - -3 - (-11844)/7 prime?
True
Suppose -15 = u + 5*i, 0 = -0*u + 5*u + 5*i - 5. Suppose u*o = j - 389, -3*j = 4*o + o - 1107. Suppose -j = -g - 3*w, 4*g + w = 1297 + 166. Is g prime?
False
Let b = 815 + -551. Let j = 387 - b. Is j prime?
False
Suppose -4*j + 5*n + 50 = j, -j - 4*n = -15. Let a(d) = 3*d**3 + d**2 + 4*d**2 + 8*d - j*d**2. Is a(7) a composite number?
True
Suppose 4*u - 2*l + 18 = 0, -3*l - 25 = 2*u - 4. Is 3/u*-372 - 1/1 prime?
False
Let p be (-5)/(-2)*(-2 - -4). Suppose 2*m - p*q - 1546 = 398, 4*q + 2909 = 3*m. Is m prime?
True
Suppose -m - 3*u + 2*u + 15584 = 0, 4*m + 5*u - 62339 = 0. Suppose 3914 + m = 7*x. Is x prime?
False
Let r be 3*1 - (-10 - -8). Suppose 3*l = 5*z + 16, 4*z + 5 = r*l - 0*z. Is (1178/l)/(4/(-6)) a prime number?
False
Suppose -3*z + 5*g + 1 = -1, g = 2*z + 8. Let p(v) = 4*v**2 - v - 1. Is p(z) a composite number?
False
Let o = 25279 + -12482. Is o a composite number?
True
Let m be (21 - 0) + (1 - 4). Suppose 0 = m*d - 14*d - 3148. Is d a prime number?
True
Suppose 0 = -9*l + 1253 + 907. Suppose 2*o - l = -62. Is o prime?
True
Suppose s - 9705 = 4*m + 9080, 0 = 4*s - 3*m - 75205. Is s a composite number?
True
Let f(w) be the second derivative of 23*w**4/6 - 7*w**3/6 + 11*w**2/2 + 8*w. Is f(5) a prime number?
False
Suppose -38541 = -11*t - 1130. Is t prime?
False
Let j = 81 + -79. Suppose -j*i + 406 = 96. Is i composite?
True
Is ((-2)/(-3))/(13*(-4)/(-4419402)) composite?
False
Is (-13)/(((-20)/(-604))/(-5)) prime?
False
Suppose -n + 19 + 2 = -3*r, 0 = -5*n - 3*r + 87. Suppose 5*q = n + 697. Is q prime?
False
Suppose 12*n = 11*n - 2. Let f(k) = 24*k**2 + 2*k + 3. Let a be f(n). Suppose -p + a + 104 = 0. Is p a prime number?
True
Let f(y) = y**2 - 3*y - 7. Let w be f(5). Suppose w*a - 3*o = 7*a - 4849, 1209 = a + 4*o. Is a a prime number?
True
Let g(o) = -o**2 + 24*o + 79. Let x be g(25). Suppose -4*k - 49 = 79. Let h = x + k. Is h prime?
False
Suppose -5*s + 12639 = g, 3*g - 2*s - 14403 = 23582. Is g composite?
False
Let b(n) = n**2 + 11*n - 20. Let t be b(-15). Let v be (-2)/(-10) - (-2152)/t. Let c = -35 + v. Is c a composite number?
False
Suppose -618574 = -14*a - 48*a. Is a prime?
False
Let x(c) = -5*c + 38. Let y be x(7). Suppose 2*o + 764 = 6*o - 3*s, o - 191 = -y*s. Is o a composite number?
False
Suppose 5*a - 50 = o, 6*o + 5*a + 125 = 2*o. Let c = o + 25. Is (-4)/c + 226/10 composite?
False
Suppose -7 + 23 = -4*v. Let f be (-9)/v + (-30)/(-40). Suppose -f*w = -w - 292. Is w a composite number?
True
Suppose w - 5*m - 25 = 35, -3*w - 5*m = -140. Is -51 + w + 1/(2/4636) a composite number?
True
Suppose -2*b + 1234 + 672 = 0. Let z = b + -460. Is z a composite number?
True
Let s(l) = -l**2 - l + 12. Let p be (-2 - (-20)/8)*0. Let j be s(p). Suppose -3*r - 3*d + 365 = -7*d, -3*d = -j. Is r a prime number?
True
Let q be 4/(-30) - (-362)/15. Let o = q + 63. Is o composite?
True
Let u(k) = 35*k**2 - 3*k + 11. Let c(w) = -w**3 - 10*w**2 - 15*w + 4. Let s be c(-8). Is u(s) a prime number?
False
Let a(h) = 2*h**3 + 7*h**2 + 2*h + 1. Let f be a(-3). Suppose -111 - 21 = 4*v. Let r = f - v. Is r prime?
True
Suppose -4*n - 15*t = -11*t - 19864, 0 = -2*n - 5*t + 9929. Is n a prime number?
True
Let u(i) = 2*i**3 - 2*i**2 - 2*i. Let f be 2/7 - 84/(-49). Let n be u(f). Is 402/n*20/10 a prime number?
False
Let v(y) = -y**3 + 13*y**2 - 9*y + 7. Let n(f) = -7*f - 14. Let s be n(-7). Let d = s - 29. Is v(d) composite?
True
Let d(p) = 18*p - 4. Let s be d(-1). Is (-3)/(3/s)*17/2 a composite number?
True
Suppose 3*g - 1753 = 2*y, -1745 = -2*g - g + 4*y. Suppose -3*l - 320 = -o + 125, 5*o + g = -4*l. Let x = l - -263. Is x a prime number?
False
Suppose 18 = -3*l - 0. Let h be (10/(-3))/(l/549). Suppose 0 = o + m - h, 3*o + 206 = 2*m + 1131. Is o prime?
True
Let z be 2*((-14)/(-20) + (-7)/35). Is 585 + -4 + 0/z prime?
False
Let q(m) = -132*m + 77. Let w(s) = 19*s - 11. Let b(y) = -3*q(y) - 22*w(y). Let i be -1 - 0/2 - 5. Is b(i) a composite number?
True
Let g be (-158)/2*(-10)/10. Suppose 374 = 5*n + g. Suppose 0 = -4*a - n + 163. Is a composite?
True
Let i(n) = 49*n**2 + n + 6. Let j(y) = 4*y**3 - 2*y**2 + y. Let b be j(1). Let p be i(b). Let l = p + 231. Is l a composite number?
True
Suppose 4*j - 3*f = 245507, 5*j + 5*f - 463629 = -156789. Is j composite?
True
Suppose -2*g - 41 = 9. Is (-10)/g + (-11)/(-10)*2586 a composite number?
True
Let n be -390*(-3)/((-60)/8). Suppose -1705 = -k - 4*k. Let q = k + n. Is q prime?
False
Let n = -15 + 30. Is (n/(-20))/((-1)/188) prime?
False
Suppose 2*m - m - 2*k = 8, -3*k = -4*m + 27. Is (-4538)/(-20)*m - 10/25 prime?
True
Let m(r) = -12*r + 5. Suppose 8*g - 11*g = 27. Is m(g) a prime number?
True
Let i(v) = -v**3 - 7*v**2 - 7*v. Let g be i(-6). Let w(u) = -5*u**2 + u + 10. Let o(p) = p - 1. Let q(f) = -3*o(f) - w(f). Is q(g) composite?
False
Let o = 150625 - 44276. Is o composite?
False
Is 2 + 1 + (-3064)/(10 - 12) a composite number?
True
Let a(u) = 31*u**3 + 2*u + 31*u**3 - 16 + 14 + 1887*u**3. Is a(1) composite?
False
Let l(x) be the third derivative of x**5/15 + 7*x**4/24 + 3*x**3/2 + x**2. Suppose 4*o + o - 36 = i, 24 = 4*o + 4*i. Is l(o) a prime number?
False
Suppose -13*b - 91982 = -4*a - 11*b, 5*a + b - 114960 = 0. Is a prime?
True
Let n be 0/(-2 + 3) - -25. Let v = n - 10. Let t = v + 22. Is t a composite